 49860.
2, 3, 5, 277
List the prime factors of 151700.
2, 5, 37, 41
What are the prime factors of 62230?
2, 5, 7, 127
List the prime factors of 342.
2, 3, 19
List the prime factors of 12722.
2, 6361
What are the prime factors of 80208?
2, 3, 557
List the prime factors of 44735.
5, 23, 389
What are the prime factors of 34158?
2, 3, 5693
List the prime factors of 545.
5, 109
What are the prime factors of 3789?
3, 421
What are the prime factors of 60948?
2, 3, 1693
List the prime factors of 519.
3, 173
What are the prime factors of 3280?
2, 5, 41
List the prime factors of 2154.
2, 3, 359
What are the prime factors of 944?
2, 59
What are the prime factors of 367?
367
What are the prime factors of 23171?
17, 29, 47
What are the prime factors of 29285?
5, 5857
What are the prime factors of 6503?
7, 929
List the prime factors of 38564.
2, 31, 311
List the prime factors of 44037.
3, 7, 233
List the prime factors of 2524.
2, 631
List the prime factors of 13793.
13, 1061
List the prime factors of 16092.
2, 3, 149
List the prime factors of 7047.
3, 29
List the prime factors of 119145.
3, 5, 13, 47
What are the prime factors of 8284?
2, 19, 109
What are the prime factors of 822?
2, 3, 137
What are the prime factors of 134?
2, 67
List the prime factors of 591.
3, 197
List the prime factors of 967.
967
List the prime factors of 4228.
2, 7, 151
What are the prime factors of 54510?
2, 3, 5, 23, 79
List the prime factors of 127.
127
What are the prime factors of 2082?
2, 3, 347
What are the prime factors of 6566?
2, 7, 67
List the prime factors of 2297.
2297
What are the prime factors of 55408?
2, 3463
What are the prime factors of 1886?
2, 23, 41
What are the prime factors of 489?
3, 163
What are the prime factors of 5084?
2, 31, 41
What are the prime factors of 4979?
13, 383
What are the prime factors of 33529?
33529
What are the prime factors of 40847?
40847
List the prime factors of 1922.
2, 31
What are the prime factors of 98?
2, 7
List the prime factors of 569.
569
What are the prime factors of 9107?
7, 1301
List the prime factors of 40757.
53, 769
List the prime factors of 1035.
3, 5, 23
List the prime factors of 30795.
3, 5, 2053
List the prime factors of 19848.
2, 3, 827
What are the prime factors of 16426?
2, 43, 191
List the prime factors of 8360.
2, 5, 11, 19
What are the prime factors of 4897?
59, 83
What are the prime factors of 8175?
3, 5, 109
What are the prime factors of 177591?
3, 59197
List the prime factors of 51.
3, 17
What are the prime factors of 4505?
5, 17, 53
List the prime factors of 738.
2, 3, 41
List the prime factors of 3434.
2, 17, 101
What are the prime factors of 15084?
2, 3, 419
List the prime factors of 69711.
3, 19, 1223
List the prime factors of 4881.
3, 1627
What are the prime factors of 19966?
2, 67, 149
What are the prime factors of 50690?
2, 5, 37, 137
What are the prime factors of 3002?
2, 19, 79
What are the prime factors of 2890?
2, 5, 17
What are the prime factors of 3043?
17, 179
What are the prime factors of 64946?
2, 7, 4639
List the prime factors of 12624.
2, 3, 263
List the prime factors of 422.
2, 211
What are the prime factors of 3871?
7, 79
What are the prime factors of 1872?
2, 3, 13
List the prime factors of 1605.
3, 5, 107
What are the prime factors of 50175?
3, 5, 223
List the prime factors of 2244.
2, 3, 11, 17
List the prime factors of 67655.
5, 7, 1933
What are the prime factors of 10321?
10321
What are the prime factors of 900?
2, 3, 5
What are the prime factors of 103104?
2, 3, 179
List the prime factors of 1072.
2, 67
List the prime factors of 42961.
42961
List the prime factors of 123354.
2, 3, 7, 11, 89
List the prime factors of 4826.
2, 19, 127
What are the prime factors of 1362?
2, 3, 227
What are the prime factors of 71711?
71711
List the prime factors of 75.
3, 5
List the prime factors of 35329.
7, 103
What are the prime factors of 103619?
103619
What are the prime factors of 499?
499
List the prime factors of 307.
307
List the prime factors of 36562.
2, 101, 181
What are the prime factors of 287?
7, 41
What are the prime factors of 4304?
2, 269
What are the prime factors of 42432?
2, 3, 13, 17
List the prime factors of 1924.
2, 13, 37
What are the prime factors of 700?
2, 5, 7
List the prime factors of 4853.
23, 211
What are the prime factors of 15342?
2, 3, 2557
List the prime factors of 2061.
3, 229
What are the prime factors of 35272?
2, 4409
What are the prime factors of 59765?
5, 11953
List the prime factors of 21611.
21611
List the prime factors of 35173.
17, 2069
What are the prime factors of 906?
2, 3, 151
What are the prime factors of 3381?
3, 7, 23
What are the prime factors of 596?
2, 149
What are the prime factors of 400?
2, 5
What are the prime factors of 5525?
5, 13, 17
List the prime factors of 91.
7, 13
What are the prime factors of 1356?
2, 3, 113
List the prime factors of 83236.
2, 20809
What are the prime factors of 916?
2, 229
What are the prime factors of 39056?
2, 2441
List the prime factors of 2127.
3, 709
List the prime factors of 66871.
7, 41, 233
List the prime factors of 27986.
2, 7, 1999
What are the prime factors of 69637?
83, 839
What are the prime factors of 18177?
3, 73, 83
List the prime factors of 14317.
103, 139
List the prime factors of 40446.
2, 3, 7, 107
What are the prime factors of 1977?
3, 659
List the prime factors of 37461.
3, 12487
What are the prime factors of 1432?
2, 179
What are the prime factors of 12930?
2, 3, 5, 431
List the prime factors of 1164.
2, 3, 97
List the prime factors of 24362.
2, 13, 937
List the prime factors of 108945.
3, 5, 269
List the prime factors of 33277.
107, 311
List the prime factors of 1666.
2, 7, 17
List the prime factors of 4249.
7, 607
What are the prime factors of 5425?
5, 7, 31
What are the prime factors of 2612?
2, 653
What are the prime factors of 8555?
5, 29, 59
List the prime factors of 30524.
2, 13, 587
What are the prime factors of 1121?
19, 59
List the prime factors of 25742.
2, 61, 211
What are the prime factors of 1574?
2, 787
List the prime factors of 8337.
3, 7, 397
List the prime factors of 9482.
2, 11, 431
What are the prime factors of 1774?
2, 887
List the prime factors of 7493.
59, 127
List the prime factors of 8591.
11, 71
What are the prime factors of 26708?
2, 11, 607
What are the prime factors of 141846?
2, 3, 47, 503
What are the prime factors of 6752?
2, 211
List the prime factors of 5741.
5741
List the prime factors of 62296.
2, 13, 599
List the prime factors of 1794.
2, 3, 13, 23
What are the prime factors of 1035?
3, 5, 23
List the prime factors of 4074.
2, 3, 7, 97
List the prime factors of 66.
2, 3, 11
List the prime factors of 2331.
3, 7, 37
What are the prime factors of 60760?
2, 5, 7, 31
List the prime factors of 62615.
5, 7, 1789
List the prime factors of 16523.
13, 31, 41
List the prime factors of 1110.
2, 3, 5, 37
List the prime factors of 897.
3, 13, 23
What are the prime factors of 841?
29
List the prime factors of 756.
2, 3, 7
What are the prime factors of 63997?
63997
List the prime factors of 11861.
29, 409
List the prime factors of 2266.
2, 11, 103
What are the prime factors of 26712?
2, 3, 7, 53
List the prime factors of 12157.
12157
List the prime factors of 3670.
2, 5, 367
List the prime factors of 73206.
2, 3, 7, 83
What are the prime factors of 125793?
3, 1553
What are the prime factors of 16113?
3, 41, 131
List the prime factors of 4723.
4723
List the prime factors of 25009.
89, 281
List the prime factors of 857.
857
What are the prime factors of 1278?
2, 3, 71
What are the prime factors of 18784?
2, 587
What are the prime factors of 47117?
7, 53, 127
What are the prime factors of 4516?
2, 1129
What are the prime factors of 423?
3, 47
List the prime factors of 1549.
1549
What are the prime factors of 10723?
10723
List the prime factors of 374.
2, 11, 17
List the prime factors of 120.
2, 3, 5
List the prime factors of 346.
2, 173
What are the prime factors of 1366?
2, 683
List the prime factors of 1709.
1709
List the prime factors of 48.
2, 3
List the prime factors of 2950.
2, 5, 59
List the prime factors of 55565.
5, 11113
What are the prime factors of 62?
2, 31
What are the prime factors of 14802?
2, 3, 2467
List the prime factors of 625.
5
What are the prime fact